ose 0 = -8*p - 0*p + i. Let o be p/12*3 - -1 - 3. What is l(o)?
17
Let v(j) = -5*j**3 - 5*j**2 - 6*j - 7. Let n(k) = -14*k**3 - 14*k**2 - 17*k - 20. Let q = 49 - 66. Let y(l) = q*v(l) + 6*n(l). Calculate y(-1).
-1
Let h = -6125 - -12251/2. Let n(m) be the first derivative of 20 - h*m**2 - 12*m. What is n(-5)?
-7
Let k(x) be the first derivative of -x**5/120 + x**4/8 - 26*x**3 - 42. Let t(n) be the third derivative of k(n). Calculate t(3).
0
Suppose -183 = 39*c + 129. Let o(w) = -6*w**2 + 7. Let k(b) = -5*b**2 + b + 7. Let n(g) = 7*k(g) - 6*o(g). Calculate n(c).
15
Let b = 3 + -1. Let g(p) = -2*p + 4. Let d be g(b). Let w(t) be the second derivative of -t**4/12 - 7*t**2/2 + 36*t - 4. What is w(d)?
-7
Let p(o) = o + 4. Let s(l) = -3*l - 37. Suppose 11*v + 73 = -26. Let a be s(v). Give p(a).
-6
Let v(c) be the first derivative of -3*c**2/2 - 15*c + 4836. Determine v(-9).
12
Suppose 4*s = 5*b + 3, -3*b + 5 = 4*s - 3*s. Let x(m) = -m**2 + 95*m + 0 - s - 89*m. Suppose -5*f + 19 + 6 = 0. Calculate x(f).
3
Let i(g) be the second derivative of -g**6/360 + 11*g**5/120 - 5*g**4/8 - 103*g**3/6 - g**2/2 + 53*g - 2. Let y(a) be the second derivative of i(a). Give y(10).
-5
Suppose 4*v - 4*n + 112 = 96, 0 = v + 3*n + 4. Let z(f) = -f**2 - 8*f - 10. What is z(v)?
6
Let c(a) = a + 375 + 109*a**2 + 413 - 789. Give c(1).
109
Let k(j) = -67*j**2 + 4*j**3 - 2*j**3 + 34*j**2 + 32*j**2. Let b(d) = -d**3 + 6*d**2 - 3*d - 8. Let x be b(5). Give k(x).
12
Let c = -4208 + 4208. Let t(j) = -6*j**2 + 3*j + 5. What is t(c)?
5
Suppose -4*t - 2*w - 400 = 0, -2*t = -3*t + 3*w - 86. Let p = 88 + t. Let n(o) = -o**2 - 10*o + 10. Calculate n(p).
10
Let z(l) be the first derivative of 7*l**4/24 - l**3/2 + 25*l**2 - l + 34. Let q(c) be the second derivative of z(c). Calculate q(5).
32
Let r(n) be the third derivative of -n**4/8 + 4*n**3/3 + 4*n**2 + 265*n. What is r(-8)?
32
Let r(d) be the first derivative of d**4/4 - 7*d**3/3 + 5*d**2/2 + 7*d + 2. Suppose 0 = i - 4*v + 51, -47*i = -43*i - 4*v + 144. Let b = -25 - i. Give r(b).
1
Suppose -5*m - 68 = -m. Let g(r) = r**3 + 18*r**2 + 16*r - 5. Let l be g(m). Let f = l + -14. Let v(p) = p**3 + 5*p**2 + 4*p + 3. Give v(f).
7
Suppose -11 = -23*b + 127. Let o(h) = -9*h**3 + 38*h**2 - h - 1. Let g(p) = 5*p**3 - 20*p**2 + p. Let j(i) = b*o(i) + 11*g(i). Determine j(-5).
44
Let m(j) = -7 + j + 7. Let y = -96 + 204. Let c = 102 - y. Give m(c).
-6
Let k be (-23)/(-6) - (-5)/30. Suppose -160 = 2*v - k*p, 2*p = 5*v - 3*p + 390. Let q = 75 + v. Let l(h) = 5*h + 1. Give l(q).
-4
Let o(s) = s**3 - s**2 - 2*s + 9. Let m(d) be the first derivative of d**4/4 - 3*d**2/2 + 11*d + 35. Let i(k) = -3*m(k) + 4*o(k). Give i(3).
-3
Suppose 0 = -h - c + 1 + 1, -5*h = -2*c - 10. Let a be (-5)/(20/(-28)) - h. Let n(j) = 2*j**2 - 7*j - 1. What is n(a)?
14
Let g = -2858 - -2847. Let x(w) = w**3 + 9*w**2 - 15*w + 3. Calculate x(g).
-74
Let s(b) = -4*b**2 - b - 11. Let v(m) = -5*m - 445. Let f be v(-88). Determine s(f).
-106
Let i(o) = -o - 8. Suppose -5*c = f - 6*f - 45, -5*f - 4*c = 9. Let r be i(f). Let h(q) = -1 + 8*q + 13*q - 22*q. Give h(r).
2
Let p(j) = 2*j**2 + 6*j. Suppose -5*c + 3*u - 142 = 0, 4*c - 2*u = -25 - 87. Let n = c + 22. Calculate p(n).
8
Let h(l) = 247*l - 6 - 122*l - 123*l - 52. Give h(19).
-20
Let p(f) be the second derivative of f**4/8 + f**3/3 + 31*f**2/2 + 16*f + 1. Let i(r) be the first derivative of p(r). Determine i(4).
14
Suppose -5*z + 19 = -3*x, -3*z + 3*x + 11 = -4. Let a(w) = w - 6 + 2 + 1 + 8*w**z - 7*w**2. Let o = 1 - 5. Give a(o).
9
Let i be 8512/392 - 6/(-21). Let r(h) = h**3 - 27*h**2 + 108*h + 40. Give r(i).
-4
Let d(b) be the second derivative of -b**5/20 + 2*b**4/3 - b**3 + 2*b**2 - 3004*b. Calculate d(7).
11
Let q(o) be the third derivative of o**5/60 + 11*o**4/24 - 5*o**3/3 - 1000*o**2. What is q(-6)?
-40
Let d(y) = y**2 - 12*y - 10. Let j(m) = -m**3 + 34*m**2 - 33*m + 12. Let i be j(33). Let c be d(i). Let t(u) = -u - 1. Calculate t(c).
9
Let d(j) be the third derivative of -j**5/60 + j**4/4 + j**3 + 4*j**2 - 33. Suppose 0*z = 4*z - 32. Determine d(z).
-10
Let k(z) = 25*z + 55. Let u be k(12). Let r(o) = -181*o**2 - 173*o**2 + o - 2 + u*o**2 + o**3. What is r(-2)?
-8
Let h(z) = 3*z**2 + z + 1. Let s be h(-1). Let j be 0*((-2)/4 - (1 - 1)). Let n(y) = -2*y**2 + 0 + 3 + j + 3*y**2. What is n(s)?
12
Let v = 2018 + -2037. Let x(i) = i**3 + 19*i**2 - 23. Give x(v).
-23
Let b(r) = 151*r**3 - 150*r**3 + 3*r**2 - 3 + 16 + 0*r**2 - 4*r. Determine b(0).
13
Let r(n) = -2408 - 2662 + 5086 + n. Suppose -3*m + 6*m = -2*q - 7, 4*m = -2*q - 4. Determine r(q).
8
Suppose g = -y - 45, -2*y + 5*y = 3*g - 117. Let d be (165/9 - 3)*57/19. Let f = d + y. Let s(h) = h**2 - 2*h. Give s(f).
8
Suppose 5*c = -5*f + 55, 37 = 3*c + 5*f + 2. Let x(g) = 6*g**2 + 14 + 960*g**3 - 10*g + 5*g**2 - 961*g**3. Calculate x(c).
14
Let x be 2*(4/(-10) - 21/(-15)). Let t(l) be the second derivative of -l**5/20 + l**4/3 - l**3/2 + l**2/2 - 6*l. Calculate t(x).
3
Let y(b) = b**3 - 6*b**2 - 8*b - 1. Let p(a) = 2*a**3 + 18*a**2 + 37*a - 8. Let m be p(-5). What is y(m)?
-8
Let k(d) = -d - 7. Let x be k(-7). Suppose 6*i - 19 + 1 = x. Let m(n) = 3*n - 4*n - n - n - i. Determine m(-2).
3
Let n(l) = 47*l + 180. Suppose 5*s = -3*v - 42, -v - 666*s = -663*s + 22. Give n(v).
-8
Let x(q) = 5*q + 4. Let z(a) = a**3 - 2*a**2 - 14*a + 19. Suppose 5*d + 3*v = 35, -4*v + 17 = -4*d + 13. Let u be z(d). What is x(u)?
-21
Let r(d) = d**2 + 20*d + 41. Let t be r(-18). Suppose -4*o + 2*n = -2, t*n - 22 = 2*o - o. Let q(l) = 16 + l + 23 - l**2 - o*l - 41. Calculate q(-3).
-5
Let x(g) be the first derivative of 133 + 5*g**2 + 1/3*g**3 - 11*g. Determine x(-11).
0
Let t(c) = c**3 + c**2 + 10. Let y(o) = -10*o**3 + o**2 - 2*o - 77. Let q(z) = -18*t(z) - 2*y(z). Calculate q(10).
14
Let u = 3910 + -3908. Let o(k) be the second derivative of -16*k - 1/12*k**4 + 1/6*k**3 + 0 + 3*k**u. Calculate o(0).
6
Let p(a) = a**2 + 175*a + 73. Let s(f) = -2*f**2 - 422*f - 182. Let n(g) = -12*p(g) - 5*s(g). What is n(7)?
6
Suppose 0 = 3*f + 6, 2*w = 7*w + 4*f + 3. Let g(s) = -3*s + 8. Let l(v) = v - 1. Let n(k) = w*l(k) + g(k). Suppose 4*a - 28 = 7*o - 5*o, -3*o = a. What is n(a)?
-5
Suppose 0 = 2*x - 15 + 3. Suppose -28*w = -6*w - 132. Let d(n) = 2 - w*n + n**2 - 3 + 3 + 0*n**2. Determine d(x).
2
Let i(a) = 30*a**2 - 18*a - 17. Let y(s) = -120*s**2 + 69*s + 65. Let p(f) = -23*i(f) - 6*y(f). Give p(-1).
31
Suppose 0 = -63*a + 62*a + 23. Let p(r) = -3 + 18 + a - r - 38. What is p(-2)?
2
Let t be 5/((-15)/63)*-15. Let u = t - 307. Let r(n) = -n**3 + 7*n**2 + 4*n + 4. Give r(u).
-28
Let k(p) = -559*p - 34 + 213*p + 152*p + 206*p. Determine k(16).
158
Let v(x) be the third derivative of x**5/30 - 3*x**4/4 - 53*x**3/6 - 1770*x**2. Give v(11).
-9
Let r(o) be the first derivative of 105*o**4/4 + o**3/3 + o**2/2 - o + 1833. What is r(1)?
106
Let c(x) = x**2 - 20*x + 38. Let l be c(18). Suppose 13 = -t - 5*z, z = 3*t + l*z + 25. Let v(n) = -n**2 - 11*n - 11. Calculate v(t).
13
Let q(c) = 2*c**2 - 7*c + 1. Suppose 5*a + 460 - 420 = 0. Let z be 5/(60/a) - (-140)/21. Determine q(z).
31
Suppose 7*i = -11 + 18. Let n be (-6 - (i - 1))/((-12)/(-6)). Let v(y) = -2*y**2 - y + 2. What is v(n)?
-13
Let v = 926 + -923. Suppose -3*b - v*l = -0*b, 4*l = 0. Let x(h) = -2*h + 14. What is x(b)?
14
Let v(d) be the first derivative of d**6/120 - 13*d**5/60 + 11*d**4/24 + 5*d**3/3 - 7*d**2 - 5*d + 9. Let l(x) be the second derivative of v(x). Give l(12).
-2
Let o = 37 + -39. Let c be 3/6 + -1*(-21)/6. Let y(w) = 4 - 5 + c*w - 2*w + 4. What is y(o)?
-1
Let z be 2 + (11 - 5 - 6). Let t be ((-20)/30)/(3*z/(-9)). Let k(d) = -8*d**2 - d. Determine k(t).
-9
Let m(q) = q**3 - 10*q**2 - 7*q + 15. Suppose -2*o - 117*l = -114*l - 14, -o + 5*l = -20. Calculate m(o).
-55
Let f(d) = -d. Suppose 5*v - 8 = -63. Let c(l) = 19*l - 11. Let n(u) = 10*u - 6. Let y(a) = v*n(a) + 6*c(a). Let s(w) = 5*f(w) + y(w). Give s(-5).
5
Let x(v) = 30*v + 484. Let l be x(-16). Let d(y) = -10*y + 17. Calculate d(l).
-23
Let w(a) = a**3 - 6*a**2 - 5*a - 6. Let j(b) = b**2 - 6*b - 13. Let g be j(9). Suppose -g - 28 = -6*y. Determine w(y).
8
Let p = 4742 + -4730. Let z(y) be the first derivative of -11*y - p + 4*y**2 + 1/3*y**3. What is z(-8)?
-11
Let p = -922 - -918